 i?
7, 31, 37
List the prime factors of -15*(-787 - 13) - (1 + -1).
2, 3, 5
Suppose -45*p + 320540 = -136975. What are the prime factors of p?
3, 3389
Let f(o) = 16*o + 7*o - o**2 - 95 - 68*o + 0*o**2. List the prime factors of f(-42).
31
Let z be (80/100 - 2/(-10))*0. Suppose 5*r - 3*t - 2069 = z, 5*r = 7*r - 2*t - 826. What are the prime factors of r?
5, 83
Let p = -45 - -55. Suppose p*z = -z. Suppose 9*o - 6*o - 165 = z. List the prime factors of o.
5, 11
Let k = -151 + 202. Let j be 8/(-1 - 1) + 52. Let c = j + k. What are the prime factors of c?
3, 11
Suppose -15 = -4*b + 13. Suppose b*v + 12 = 124. Suppose -v*s = -15*s - 145. What are the prime factors of s?
5, 29
Suppose -31*b + 45886 + 58274 = 0. What are the prime factors of b?
2, 3, 5, 7
Suppose 4 = 7*h + 18. List the prime factors of 5 + 345/(h + 5).
2, 3, 5
Let i(c) = c**2 - 18*c - 8 + 0*c**2 - 7 - 2. Let w be i(19). Suppose w*o - 8*o = -300. What are the prime factors of o?
2, 5
List the prime factors of 37/((-592)/840)*((-2474)/6 + 3).
2, 5, 7, 307
Suppose -66516 = -3*r + 3*f, -37*f - 6 = -36*f. What are the prime factors of r?
2, 11083
Let y(q) = -850*q - 1611. List the prime factors of y(-27).
3, 2371
Let m be 5/3 + 12/9. Suppose 2*f - m*f = -262. Suppose -8*r + f - 6 = 0. List the prime factors of r.
2
Let v(z) = z**2 - 29*z - 40. Let i be v(31). What are the prime factors of i + 0 + (-20)/4?
17
Let b be 2/13 - (-6244)/(-364). Let p = b - -21. Suppose -4*n + p*d + 764 = 0, 4*n + 2*d = n + 548. What are the prime factors of n?
2, 3, 31
What are the prime factors of ((-2)/(-4))/(115/(-115))*-123122?
61561
Suppose -g + 0*g - 5*v - 32 = 0, -g + 4*v + 13 = 0. List the prime factors of 538/((-2)/(g + 3)).
2, 269
Let a(n) = -3*n**3 - 12*n**2 + 20*n + 200. What are the prime factors of a(-28)?
2, 3, 19, 41
Suppose -3*w + 3*s + 31605 = 8*s, 0 = w + 2*s - 10537. List the prime factors of w.
5, 421
Suppose 4*x - 3*x - 3589 = -3*c, 3*c - 3585 = 3*x. Let r = 1674 - c. List the prime factors of r.
2, 239
Let z(v) = 12*v**3 - v + 2. Suppose -46 - 11 = -19*m. What are the prime factors of z(m)?
17, 19
Let s(u) = -2896*u**3 - 2*u**2 + 23*u + 57. List the prime factors of s(-2).
17, 29, 47
Let o be 0 + -3995 - (-6 + 4 + -4). Let z = -2797 - o. List the prime factors of z.
2, 149
Suppose 123 = -5*u + 148. List the prime factors of (-14157)/(-65) - 4/u.
7, 31
Suppose -6 = 3*b, 4*p + 2*b = -2*b - 772. Let i = 253 + -351. Let x = i - p. List the prime factors of x.
3, 31
Let w(v) be the first derivative of 14*v**3/3 - 2*v**2 + 5*v - 60. List the prime factors of w(1).
3, 5
Suppose 10*t = -5*x + 8*t + 10911, -3*t = -4*x + 8715. Suppose 120 = -9*k + x. What are the prime factors of k?
229
Let h(a) = -a**3 + 28*a**2 + 30*a - 27. Let j be h(29). Suppose j*y - 549 + 53 = -4*k, 4*k - 4 = 0. List the prime factors of y.
2, 3, 41
Let q(i) = -i**3 - 8*i**2 + 25. Let z be q(-8). Let v(s) = s**2 - 25*s + 108. List the prime factors of v(z).
2, 3
Let r = 81 + 132. Let g = 866 - r. What are the prime factors of g?
653
Let p = -231 + 291. Suppose -p*x + 3654 = -51*x. What are the prime factors of x?
2, 7, 29
Let f(s) = -346*s + 83. Let h(c) = 2*c. Let q(l) = -f(l) + 4*h(l). What are the prime factors of q(4)?
31, 43
Suppose 4*w = 2*h - 422, 8*h = 3*h + 25. Let m = 145 - w. Suppose 0 = 4*t + 5*x - m + 35, -4*x = -4*t + 240. What are the prime factors of t?
3, 19
Suppose 0 = 3*o - 3, 0 = m - o + 5 - 1. Suppose 2*l - 21 = -3. Let i = l - m. List the prime factors of i.
2, 3
Suppose -2*f + 2*s = 0, f - 4 = -f + s. List the prime factors of (-18)/(-54)*393*f + 0.
2, 131
Let n(v) = 102*v**2 + 573*v - 70. What are the prime factors of n(20)?
2, 5, 17, 307
Let k(i) = 825*i**2 + 67*i - 316. List the prime factors of k(8).
2, 5, 11, 241
Let g(c) = -14*c - 28. Let i be g(-2). Suppose -l + 2*l + 976 = 3*x, 5*x - 4*l - 1636 = i. List the prime factors of x.
2, 3
Suppose -d + 40 = 3*d + 5*g, 2*g = -5*d + 67. Let w be (792/45)/(6/d). Suppose w = 2*j - 8. What are the prime factors of j?
2, 13
Let c(h) = 237*h**2 + 23*h + 23. What are the prime factors of c(6)?
8693
Suppose 2*c - 2*x - 4 = 3*x, -5*c + 4*x = -10. Suppose -19*u = -20*u + c. Suppose 15 = g - 6*g, -626 = -5*d + u*g. List the prime factors of d.
2, 31
Let v(m) = m**2 - 2*m + 10. Suppose u + 6 = -3*j, 3*j + j - 8 = 4*u. Let l be j/(-1) + (-10 - -3). What are the prime factors of v(l)?
2, 29
Let n be (-3 - 0)/(6/(-10)). Let f(s) = -s + 6 - 3*s**3 + n*s**3 - s**3. List the prime factors of f(3).
2, 3, 5
Let p(h) = h**3 - 3*h**2 - 11*h + 10. Let u be p(5). Suppose 4*b = 3*b - u*n + 355, 0 = 2*b + 4*n - 740. What are the prime factors of b?
2, 5, 19
What are the prime factors of (10/75)/(-1) - 2095946/(-870)?
3, 11, 73
Let t be (-904)/791 + (-120)/(-7). Suppose 0 = -p - 0 + 24. Suppose 2*h = 0, 2*n = h + t + p. List the prime factors of n.
2, 5
Suppose -4*k + 8*k - 116 = 0. Suppose k*z - 31*z = -6. Suppose 4*i - b = 325, -z*i + b = 2*b - 242. What are the prime factors of i?
3
Suppose 10*g + g = -12*g. Let h be (-2)/2 + 491 + 2. Suppose g = -4*s - 5*x + 322 + 334, -3*s - 5*x = -h. What are the prime factors of s?
2, 41
Let l be 3/4 - (-75)/(-4). Let u be l/4*(-2)/(-3). What are the prime factors of 7 + u - 1 - -62?
5, 13
Let s be (-706)/(-4)*-2 + -4. Let t = s + 820. Let n = t - 278. List the prime factors of n.
5, 37
List the prime factors of ((-4)/(-2))/(327/3958662).
2, 6053
Let s be (-364)/(-63) - 6 - 28901/(-9). Let f = -2260 + s. List the prime factors of f.
3, 317
Let f = 11906 + -8488. What are the prime factors of f?
2, 1709
Let d be -680 + ((-5)/(-15))/(1/3). Let y = -391 - d. Let h = y + -139. What are the prime factors of h?
149
Let t(w) = -27*w - 5. Let g be t(-6). Suppose 7*n + 33*n - 120 = 0. Suppose 0*j = -5*y + 5*j + 355, -2*y - n*j + g = 0. What are the prime factors of y?
2, 37
Let a = 3406 - 1554. What are the prime factors of a?
2, 463
Let g = 6382 + -3341. List the prime factors of g.
3041
Let k = -25320 + 25322. Let l(b) = b - 3. Let z be l(6). Suppose p + k - 1 = 0, -z*m - 4*p = -476. List the prime factors of m.
2, 5
Let y(d) = -11*d - 109. Let r be y(-39). List the prime factors of ((-1310)/8)/((-80)/r).
5, 131
Suppose 2800 = m + 5*d - 3869, 4*d = 5*m - 33258. List the prime factors of m.
2, 3, 1109
Let p(n) be the third derivative of n**5/30 - n**4/2 - 3*n**3/2 - 22*n**2. Let h be p(7). List the prime factors of (-1)/(h + -1) - 658/(-8).
2, 41
Let m = 18441 - 11331. What are the prime factors of m?
2, 3, 5, 79
Let v = 50950 - 18199. What are the prime factors of v?
3, 1213
Let d be 0 + 0 + -404*(-5)/10. Suppose -714 = -2*q - d. List the prime factors of q.
2
Let l be (15 - 19)*(-2)/2. Suppose -10*y = -l*y - 24. Suppose 0 = y*x - 2*p - 40, -3*x + p = -8*x + 50. List the prime factors of x.
2, 5
Let d = -1283 + 4076. What are the prime factors of d?
3, 7, 19
Let t(q) = -q**3 + 22*q**2 - 39*q - 22. Let m be t(20). List the prime factors of m/2 + -2 + 159.
2, 3, 13
Let p(y) = y**3 - 25*y**2 + 33*y - 59. Let t = 166 + -94. Suppose 8*z - t = 5*z. List the prime factors of p(z).
157
What are the prime factors of -1 - ((-5202)/2)/(29 + 1818/(-63))?
2, 9103
Let u = -9 - -25. Suppose 0 = b - u + 11. Suppose -274 = -b*d + 111. What are the prime factors of d?
7, 11
Let p = 1804 - 2574. Let q = p - -1088. What are the prime factors of q?
2, 3, 53
Let q(z) = -21*z**2 - 4*z + 16. Let n(m) = -32*m**2 - 5*m + 23. Let b(w) = -5*n(w) + 7*q(w). Suppose 0*l = l - 2. What are the prime factors of b(l)?
43
Let k = 17582 - 12368. What are the prime factors of k?
2, 3, 11, 79
Let y(s) = 22*s - 60. Let v be 2/(-2)*(-96)/24. Suppose 5*i = -0*i + 25, -2*l + v*i = 4. List the prime factors of y(l).
2, 29
What are the prime factors of 2/(-5) + (-369)/(-18)*(-2120)/(-25)?
2, 11, 79
Suppose -17287 = -30*q + 34703. Suppose -q = -10*r + 1797. What are the prime factors of r?
353
Suppose 26*o = 21*o + 10. Let m be 54 - (1 + 1)/(o/3). Let r = m - -83. What are the prime factors of r?
2, 67
Suppose -8*h - 82 - 182 = 0. Let g(s) = s - 2. Let d be g(0). Let z = d - h. List the prime factors of z.
31
Let l(v) be the second derivative of -121*v**3/6 - v**2 + 27*v. Let s be l(-2). Let d = s + -70. List the prime factors of d.
2, 5, 17
Let d(z) = -29*z**2 - 34*z - 11. Let u(s) = 1